 + 1/(-2). Let u = 3 + d. Let i = -42 + 43. What is the remainder when u is divided by i?
0
Suppose 5*n + 2*v = -117 + 1139, 2*n - 2*v = 406. What is the remainder when n is divided by 50?
4
Let i(j) = 11*j - 81. What is the remainder when 44 is divided by i(8)?
2
Let t = 161 - 139. Suppose -4 = 5*f - 329. Calculate the remainder when f is divided by t.
21
Let t(v) = -v**3 + 6*v**2 + 2*v + 14. Calculate the remainder when t(6) is divided by 9.
8
Suppose 2*d = 5*p - 6*p + 79, 0 = d - 2*p - 52. Let f = -78 - -114. Suppose -c = 3*c - f. What is the remainder when d is divided by c?
6
Let b = -58 - -126. Let t(q) = q**2 + 35*q - 142. Calculate the remainder when b is divided by t(-39).
12
Suppose 0*n = 3*n - 81. Suppose i - 53 = d, 3*i + 5*d = i + 78. Suppose p - 29 = i. Calculate the remainder when p is divided by n.
24
What is the remainder when 58 - 3/(-2 - 1) is divided by (-87)/203 + 115/7?
11
Let i(o) = 45*o - 20. What is the remainder when i(7) is divided by 8?
7
Suppose -673 = -4*f + 475. Calculate the remainder when f is divided by 70.
7
Let q = 22 + 33. Suppose -54*t + q*t = 26. Calculate the remainder when 49 is divided by t.
23
Let i(l) = -5*l - 51. Let m = -132 + 150. Calculate the remainder when i(-17) is divided by m.
16
Let f = 204 + -132. Suppose 4*q + 26 - 158 = -3*j, f = 2*q + 3*j. Calculate the remainder when 58 is divided by q.
28
Let r = -439 - -920. What is the remainder when r is divided by 69?
67
Suppose -3*i - 2*i = -2235. What is the remainder when i is divided by 15?
12
Let c(j) = -j**3 - 7*j**2 + 5*j - 11. Suppose 0*d - 2*d - 16 = 0. Let x = 69 - 18. What is the remainder when x is divided by c(d)?
12
Calculate the remainder when 287 is divided by 16/(-168) + 758/21.
35
Calculate the remainder when 94 is divided by 360/(-12)*16/(-10).
46
Let g = 97 - 136. Let h = -21 - g. What is the remainder when 49 is divided by h?
13
Let h = 392 + 155. What is the remainder when h is divided by 10?
7
Suppose 6*d - 27 = 5*d. Let j = d + -1. What is the remainder when 101 is divided by j?
23
Suppose -55*g = -60*g - h + 90, -26 = -3*g + 5*h. Calculate the remainder when 132 is divided by g.
13
Let q = 7 + -19. Let h be 15/q + (-2)/(-8). What is the remainder when 6/(h/(-1))*12 is divided by 15?
12
Let x(p) = 2*p**2 - 20*p + 7. Let q = -10 + 10. Suppose q*b - b = -5. What is the remainder when x(10) is divided by b?
2
Suppose 4*t - 20 = 3*j - 3, -4*t + 52 = 4*j. Suppose -3*h - 2*i - t = -4*h, 29 = 3*h - 5*i. What is the remainder when h is divided by 4?
2
Let f(m) = m**2 + 13*m - 15. Let g be f(-14). Let n(q) = 30*q**2 - 3*q - 2. Calculate the remainder when n(g) is divided by 17.
14
Suppose -l - 3*k - 4 = 0, -4*l + 2*k = -6 - 6. Suppose 0 = 3*x - b - 158, 3*x - b - 166 = -l*b. Calculate the remainder when x is divided by 8.
6
What is the remainder when 223 is divided by 36/234 + (-1242)/(-39)?
31
Let s = 41 - -1. Calculate the remainder when 208 is divided by s.
40
Let z = -827 + 844. Calculate the remainder when 2530 is divided by z.
14
Let f(q) = q - 3. Let l = -50 + 77. Calculate the remainder when l is divided by f(13).
7
Let t(m) = -7*m**3 + 2*m**2 + m + 2. Let s be (-84)/(-15) - 4/(-10). Let b be (9/(-6))/(s/8). What is the remainder when t(b) is divided by 17?
13
Suppose -64 = -7*g + 2*g + m, -4*g = -3*m - 60. Calculate the remainder when 21 is divided by g.
9
Suppose 24*b = 11*b + 1989. Let y = b + -136. What is the remainder when y is divided by 7?
3
What is the remainder when 78 is divided by (-80)/3*(-36)/24?
38
Suppose -7*v + 194 = 61. Calculate the remainder when 54 is divided by v.
16
Let d(i) = 29*i + 9. Let k be d(3). Suppose -2*t - k + 33 = -3*u, -3*u + 42 = 5*t. Calculate the remainder when u is divided by 7.
5
Let n(h) = h**3 - 5*h**2 - 8*h - 10. Let l be ((-48)/(-30))/(1/5). Let u be n(l). What is the remainder when 36/(-45) - u/(-10) is divided by 7?
4
Let k(h) = h**2 - 40*h + 150. What is the remainder when k(38) is divided by 26?
22
Let h(t) = -8*t**2 + 3*t - 2. Let z be h(1). Suppose 2*v = -3*v - 105. What is the remainder when 69 is divided by (-372)/v - 2/z?
15
Let h(g) = 20*g - 1. Let u(q) = 41*q - 3. Let w(k) = 7*h(k) - 3*u(k). Calculate the remainder when w(3) is divided by 28.
25
Suppose 5*o = 3*b - 2, -3*o - 9 = -3*b - 3. Suppose -2*f - 54 - 76 = -b*n, 5 = -f. Calculate the remainder when 53 is divided by n.
23
Suppose 11*u - 350 = -24*u. Calculate the remainder when u is divided by 6.
4
Suppose 2*c = 5*b - 590, b + 2*c + 118 = 2*b. What is the remainder when b is divided by 20?
18
Let a be 7/(14/214) + (0 - 3). What is the remainder when (-4)/26 - (-1992)/a is divided by 2?
1
Suppose 0 = -491*p + 474*p + 714. What is the remainder when p is divided by 19?
4
Let x(r) = -r**3 + 16*r**2 - 10*r - 34. What is the remainder when x(15) is divided by 6/18*2*9?
5
Suppose -66*v + 8694 = -25494. Calculate the remainder when v is divided by 170.
8
Suppose -2*h + 19 = -3*l, -3*h + 11*l = 14*l - 21. Suppose -4*p + 114 = -p. Calculate the remainder when p is divided by h.
6
Suppose -195*g + 550 = -184*g. What is the remainder when g is divided by 3?
2
Suppose 2*y - 638 = -586. What is the remainder when 43 is divided by y?
17
Let i(g) = -g + 10. Let l(k) = 5. Let f(v) = 3*i(v) - 5*l(v). Calculate the remainder when f(-14) is divided by -1 - 0 - (-26)/2.
11
Let s = 72 + -28. Calculate the remainder when 67 is divided by s.
23
Let w(c) = -17*c - 4. Let n be w(-2). Suppose -3*f = k - 10, 3*k - 2*f = 2*f + n. What is the remainder when 39 is divided by k?
9
Suppose 4*n - 427 = 249. Suppose -n = -6*d + 65. What is the remainder when 154 is divided by d?
37
Suppose 3*x = 2*g - 58, -4*g + g + 5*x = -89. Let d = 5 + 5. Calculate the remainder when g is divided by (-60)/6*(-12)/d.
11
Let f(r) = -r + 15. Let u(p) = p**2 - 10*p + 9. Let a be u(9). Let x(t) = -t. Let o be x(a). Calculate the remainder when 59 is divided by f(o).
14
Let y = -37 - -19. Let p = y - -29. Calculate the remainder when 43 is divided by p.
10
Calculate the remainder when 179 is divided by -1 + 5 - 42/((-56)/4).
4
Let i(j) = 8*j + 30. Let o be i(-3). Suppose -4*c - 8 = 5*h - o*h, 0 = 3*h + 5*c - 58. Calculate the remainder when 45 is divided by h.
13
Suppose -12*f = -217 - 25 - 190. Let w(h) = -281*h**3 - h**2 + 1. Let n be w(-1). Suppose 0 = 5*r - n - 69. Calculate the remainder when r is divided by f.
34
Calculate the remainder when 1137*1*(-10)/(-15) is divided by 40.
38
Suppose 3*y = 9*y - 78. Suppose -4*h + y = -19. Calculate the remainder when 39 is divided by h.
7
Let b(p) = -11*p + 397. Calculate the remainder when 46 is divided by b(35).
10
Let g = 715 + -643. Calculate the remainder when g is divided by 11.
6
Let r be (2/3)/((-7)/((-273)/(-2))). Let y(j) = -5*j + 1. What is the remainder when y(r) is divided by 17?
15
Suppose 5*l = 2*j + 128, -3*j - 20 = -l + 3. Calculate the remainder when l is divided by 26.
0
Let w(d) = d**3 - 3*d**2 - 15*d + 5. Calculate the remainder when 111 is divided by w(6).
19
Let u = 56 + 30. Calculate the remainder when u is divided by 9.
5
Let q(w) = 8*w + 292. Suppose z + 145 = 6*z. What is the remainder when z is divided by q(-34)?
9
Let x(j) = -3*j + 49. Calculate the remainder when x(10) is divided by 4.
3
Suppose 2*g - 5*g = -87. Let l = 168 + -168. Suppose 9*k - 10*k + 85 = l. Calculate the remainder when k is divided by g.
27
Suppose 218 = 21*d - 748. What is the remainder when 135 is divided by d?
43
Suppose 3 = 3*y, -36*f - y = -32*f - 201. What is the remainder when 341 is divided by f?
41
Suppose -5 = -6*l + l. Let w(o) = 11*o**2 - 2*o - 1. Let d be w(-1). Let g = d - l. What is the remainder when 39 is divided by g?
6
Suppose 9 = 7*q - 4*q. Suppose y = -q*y + k + 637, -k = -3*y + 479. What is the remainder when y is divided by 32?
30
Let i be 9/(-4) - (-12)/(-16). What is the remainder when 121 + i + 1 + 0 is divided by 30?
29
Let l be (-8)/60 + (-4)/(120/(-34)). Let d(u) = 20*u**2 - 3*u + 3. Calculate the remainder when 95 is divided by d(l).
15
Suppose 5*w - 30 = -0*p - 3*p, 0 = -2*p - 3*w + 19. Let v = -21 + p. Let h = -7 - v. What is the remainder when 17 is divided by h?
8
Suppose 3*u + u + 2*v = 110, u = v + 23. Suppose u = -d + 2*d. What is the remainder when 49 is divided by d?
23
What is th